8?
False
Is 403 a factor of 10185422?
True
Does 28 divide 980379?
False
Is 13082 a multiple of 7?
False
Is 242375 a multiple of 115?
False
Is 21 a factor of 2220120?
True
Is 102 a factor of 110772?
True
Does 62 divide 489242?
True
Does 112 divide 240995?
False
Does 13 divide 72402?
False
Is 62 a factor of 1567616?
False
Is 181 a factor of 191860?
True
Is 12705168 a multiple of 42?
True
Does 185 divide 277101?
False
Is 133 a factor of 783104?
True
Is 11364 a multiple of 3?
True
Does 7 divide 169274?
True
Does 7 divide 345965?
False
Is 450915 a multiple of 27?
False
Is 226 a factor of 71868?
True
Does 27 divide 8154?
True
Is 854650 a multiple of 10?
True
Does 18 divide 132696?
True
Is 9 a factor of 823862?
False
Is 5 a factor of 1119186?
False
Does 426 divide 2595913?
False
Does 596 divide 881484?
True
Is 44 a factor of 292292?
True
Is 12404253 a multiple of 129?
True
Does 71 divide 1807518?
True
Is 6 a factor of 192108?
True
Does 24 divide 22968?
True
Is 14727247 a multiple of 2971?
True
Is 782 a factor of 2564960?
True
Is 197 a factor of 229718?
False
Does 1058 divide 2676740?
True
Is 141930 a multiple of 9?
True
Is 3 a factor of 174792?
True
Is 79 a factor of 75761?
True
Is 27 a factor of 475823?
False
Does 11 divide 1617390?
False
Does 6 divide 112410?
True
Is 355 a factor of 24023242?
False
Is 9 a factor of 1408665?
False
Is 13 a factor of 4625681?
False
Is 40 a factor of 1140800?
True
Is 39 a factor of 840372?
True
Does 31 divide 180451?
True
Does 48 divide 1514352?
True
Does 19 divide 2815648?
True
Is 379 a factor of 38165?
False
Is 31933 a multiple of 3?
False
Does 7 divide 3619077?
True
Is 2408026 a multiple of 58?
False
Is 624 a factor of 603623?
False
Is 12 a factor of 2923849?
False
Is 130 a factor of 3002090?
True
Does 4 divide 636831?
False
Is 442 a factor of 64532?
True
Is 58 a factor of 928522?
True
Does 13 divide 359749?
True
Is 970452 a multiple of 7?
True
Is 5 a factor of 13020?
True
Is 255574 a multiple of 22?
True
Is 20970675 a multiple of 2475?
True
Is 311535 a multiple of 43?
True
Is 301112 a multiple of 73?
False
Does 100 divide 1287400?
True
Does 18 divide 1326744?
True
Is 24 a factor of 290236?
False
Is 7605169 a multiple of 1176?
False
Is 1930650 a multiple of 211?
True
Is 157742 a multiple of 439?
False
Is 15 a factor of 1592067?
False
Does 11 divide 144362?
False
Does 1493 divide 11696162?
True
Is 26 a factor of 14627?
False
Does 19 divide 49533?
True
Does 35 divide 127820?
True
Is 269 a factor of 689244?
False
Does 6 divide 212826?
True
Is 241474 a multiple of 47?
False
Does 78 divide 24876306?
True
Is 233088 a multiple of 32?
True
Does 22 divide 2290816?
True
Is 34 a factor of 233138?
True
Is 45 a factor of 3274430?
False
Is 10439424 a multiple of 414?
True
Does 16 divide 367420?
False
Is 4641280 a multiple of 296?
True
Is 278297 a multiple of 82?
False
Is 11470734 a multiple of 1727?
True
Is 2291758 a multiple of 12?
False
Does 90 divide 439519?
False
Does 8 divide 355600?
True
Is 69 a factor of 2578185?
True
Is 25 a factor of 530522?
False
Is 146304 a multiple of 96?
True
Is 147 a factor of 4948421?
False
Is 846637 a multiple of 5?
False
Is 2 a factor of 866918?
True
Is 537 a factor of 529482?
True
Is 245 a factor of 207996?
False
Is 2233296 a multiple of 104?
True
Is 112 a factor of 1059968?
True
Does 47 divide 2116927?
True
Does 23 divide 3058303?
False
Does 444 divide 267732?
True
Is 97085 a multiple of 15?
False
Does 6 divide 826884?
True
Is 5 a factor of 87763?
False
Is 540892 a multiple of 153?
False
Is 8 a factor of 246048?
True
Is 16458 a multiple of 62?
False
Is 138 a factor of 4587396?
True
Is 3560128 a multiple of 1556?
True
Is 124 a factor of 362849?
False
Is 20 a factor of 3099200?
True
Is 304 a factor of 15187840?
True
Is 16492 a multiple of 62?
True
Is 20274 a multiple of 41?
False
Does 12 divide 769116?
True
Is 691239 a multiple of 19?
True
Does 156 divide 115596?
True
Does 6 divide 1318908?
True
Does 16 divide 1766992?
True
Does 18 divide 130711?
False
Is 14 a factor of 28054?
False
Is 2222993 a multiple of 36?
False
Does 85 divide 213464?
False
Is 24370 a multiple of 10?
True
Is 114266 a multiple of 19?
True
Is 131 a factor of 124712?
True
Does 822 divide 11644428?
False
Is 1278961 a multiple of 17?
True
Does 1267 divide 2158968?
True
Is 159 a factor of 2087207?
False
Is 452 a factor of 1267408?
True
Is 6156 a multiple of 81?
True
Does 221 divide 294344?
False
Is 13 a factor of 102869?
True
Is 104328 a multiple of 28?
True
Is 1082802 a multiple of 155?
False
Is 638 a factor of 2904880?
False
Is 121 a factor of 48617?
False
Is 1308 a multiple of 2?
True
Is 45 a factor of 188865?
True
Is 43893 a multiple of 108?
False
Is 2260467 a multiple of 129?
True
Is 112 a factor of 35482?
False
Does 76 divide 167736?
False
Is 262 a factor of 442922?
False
Is 12 a factor of 13329636?
True
Is 15921147 a multiple of 379?
False
Is 493952 a multiple of 34?
True
Is 1662482 a multiple of 586?
True
Is 1567440 a multiple of 140?
True
Does 113 divide 31767?
False
Is 76695 a multiple of 15?
True
Does 31 divide 470363?
True
Is 6 a factor of 46508?
False
Is 1423755 a multiple of 261?
True
Is 171928 a multiple of 12?
False
Does 828 divide 9549842?
False
Is 22 a factor of 68357?
False
Does 38 divide 67927?
False
Does 8 divide 11160254?
False
Does 326 divide 1500252?
True
Is 69 a factor of 1887564?
True
Is 3524856 a multiple of 24?
True
Is 943254 a multiple of 9?
True
Does 13 divide 97511?
False
Is 108979 a multiple of 5?
False
Is 1268603 a multiple of 889?
True
Is 2469053 a multiple of 54?
False
Is 54750 a multiple of 251?
False
Is 1010936 a multiple of 98?
False
Does 63 divide 315?
True
Is 83 a factor of 10559675?
True
Is 7 a factor of 2685274?
False
Is 83 a factor of 96363?
True
Is 8 a factor of 58688?
True
Is 98345 a multiple of 31?
False
Is 227692 a multiple of 224?
False
Is 17 a factor of 1945653?
False
Does 14 divide 3659537?
False
Is 3293482 a multiple of 17?
False
Is 378 a factor of 1059534?
True
Is 1365534 a multiple of 112?
False
Does 65 divide 1451645?
True
Is 1272734 a multiple of 1000?
False
Is 329 a factor of 253330?
True
Is 74100 a multiple of 38?
True
Is 2500932 a multiple of 19?
True
Does 38 divide 4316735?
False
Does 10 divide 94397?
False
Is 177 a factor of 2961564?
True
Does 10 divide 13284831?
False
Is 16 a factor of 127440?
True
Does 6 divide 30426?
True
Is 223 a factor of 897575?
True
Is 29178 a multiple of 18?
True
Does 32 divide 1506375?
False
Is 6757976 a multiple of 68?
True
Does 19 divide 234086?
False
Is 159896 a multiple of 11?
True
Does 68 divide 359475?
False
Is 24 a factor of 386808?
True
Is 327764 a multiple of 67?
True
Is 121154 a multiple of 69?
False
Does 8 divide 52879?
False
Does 574 divide 4017426?
True
Is 5653732 a multiple of 28?
True
Is 10 a factor of 36066?
False
Does 79 divide 340583?
False
Is 101772 a multiple of 11?
True
Does 104 divide 72615?
False
Does 4 divide 607551?
False
Is 99 a factor of 3055932?
True
Is 3572254 a multiple of 184?
False
Does 501 divide 429311?
False
Does 31 divide 6491586?
True
Is 281002 a multiple of 609?
False
Does 287 divide 202335?
True
Does 2 divide 112324?
True
Does 389 divide 1361418?
False
Is 228498 a multiple of 12?
False
Does 36 divide 19642539?
False
Is 8 a factor of 77149?
False
Does 1069 divide 7976629?
False
Is 529 a factor of 2046172?
True
Is 96 a factor of 108068?
False
Is 221 a factor of 157608?
False
Is 91223 even?
False
Does 566 divide 80073?
False
Is 422136 a multiple of 52?
True
Is 115 a factor of 1068005?
True
Is 50 a factor of 1490650?
True
Does 205 divide 101680?
True
Does 8 divide 2161672?
True
Does 36 divide 101196?
True
Is 18 a factor of 272916?
True
Is 2 a factor of 632097?
False
Is 39 a factor of 377637?
True
Is 5 a factor of 102950?
True
Is 1922981 a multiple of 202?
False
Is 103402 a multiple of 194?
True
Is 586 a factor of 3720405?
False
Does 75 divide 115500?
True
Is 84 a factor of 719493?
False
Does 3 divide 112877?
False
Does 158 divide 2222270?
True
Does 19 divide 3791939?
False
Does 36 divide 1371528?
True
Does 2 divide 1101216?
True
Is 4 a factor of 185072?
True
Is 19 a factor of 13904?
False
Is 1589 a multiple of 15?
False
Is 10820408 a multiple of 27?
False
Is 31 a factor of 5051954?
False
Does 661 divide 531